{"id":40,"date":"2018-08-08T10:29:40","date_gmt":"2018-08-08T08:29:40","guid":{"rendered":"http:\/\/serwer1442306.home.pl\/home2\/eddamkpl\/domains\/rodzinna.edda-mk.pl\/public_html\/?page_id=40"},"modified":"2018-08-09T12:38:29","modified_gmt":"2018-08-09T10:38:29","slug":"badania","status":"publish","type":"page","link":"https:\/\/rodzinna.edda-mk.pl\/?page_id=40","title":{"rendered":"Badania"},"content":{"rendered":"\t\t<div data-elementor-type=\"wp-post\" data-elementor-id=\"40\" class=\"elementor elementor-40 elementor-bc-flex-widget\" data-elementor-settings=\"[]\">\n\t\t\t<div class=\"elementor-inner\">\n\t\t\t\t<div class=\"elementor-section-wrap\">\n\t\t\t\t\t\t\t<section class=\"elementor-element elementor-element-9eb4820 elementor-section-stretched elementor-section-height-min-height elementor-section-boxed elementor-section-height-default elementor-section-items-middle elementor-section elementor-top-section\" data-id=\"9eb4820\" data-element_type=\"section\" data-settings=\"{&quot;stretch_section&quot;:&quot;section-stretched&quot;}\">\n\t\t\t\t\t\t<div class=\"elementor-container elementor-column-gap-default\">\n\t\t\t\t<div class=\"elementor-row\">\n\t\t\t\t<div class=\"elementor-element elementor-element-c29b856 elementor-column elementor-col-100 elementor-top-column\" data-id=\"c29b856\" data-element_type=\"column\">\n\t\t\t<div class=\"elementor-column-wrap  elementor-element-populated\">\n\t\t\t\t\t<div class=\"elementor-widget-wrap\">\n\t\t\t\t<div class=\"elementor-element elementor-element-0c5bc81 elementor-widget elementor-widget-text-editor\" data-id=\"0c5bc81\" data-element_type=\"widget\" data-widget_type=\"text-editor.default\">\n\t\t\t\t<div class=\"elementor-widget-container\">\n\t\t\t\t\t<div class=\"elementor-text-editor elementor-clearfix\"><p><span class=\"text-main\"><b>W ramach podpisanej umowy z NFZ oferujemy pacjentom bezp\u0142atne \u015bwiadczenia medyczne w zakresie podstawowej opieki zdrowotnej (POZ):<\/b><\/span><\/p><ul><li class=\"list-bullet\">konsultacje lekarza podstawowej opieki zdrowotnej (pediatry, medycyny rodzinnej)<\/li><li class=\"list-bullet\">us\u0142ug piel\u0119gniarki i po\u0142o\u017cnej podstawowej opieki zdrowotnej<\/li><li class=\"list-bullet\">pomiar wagi<\/li><li class=\"list-bullet\">pomiar poziomu cukru<\/li><li class=\"list-bullet\">pomiar ci\u015bnienia t\u0119tniczego<\/li><li class=\"list-bullet\">EKG z zalecenia lekarza POZ<\/li><li class=\"list-bullet\">iniekcje z zalecenia lekarza POZ<\/li><li class=\"list-bullet\">sczepienia doro\u015bli &#8211; z zalecenia lekarza POZ<\/li><li class=\"list-bullet\">sczepienia dzieci z\u00a0 zalecenia lekarza POZ<\/li><\/ul><p><span class=\"text-main\">Lekarz podstawowej opieki zdrowotnej mo\u017ce skierowa\u0107 pacjenta na badania specjalistyczne, do szpitala, na rehabilitacj\u0119, leczenie uzdrowiskowe lub te\u017c do innego lekarza specjalisty.<\/span><\/p><p><span class=\"text-main\">Aby korzysta\u0107 z naszych us\u0142ug nale\u017cy dokona\u0107 wyboru lekarza i po\u0142o\u017cnej poprzez\u00a0<\/span><span style=\"font-size: 1rem;\">wype\u0142nienie stosownych deklaracji, dost\u0119pnych w rejestracji naszej plac\u00f3wki.<\/span><\/p><\/div>\n\t\t\t\t<\/div>\n\t\t\t\t<\/div>\n\t\t\t\t\t\t<\/div>\n\t\t\t<\/div>\n\t\t<\/div>\n\t\t\t\t\t\t<\/div>\n\t\t\t<\/div>\n\t\t<\/section>\n\t\t\t\t\t\t<\/div>\n\t\t\t<\/div>\n\t\t<\/div>\n\t\t","protected":false},"excerpt":{"rendered":"<p>W ramach podpisanej umowy z NFZ oferujemy pacjentom bezp\u0142atne \u015bwiadczenia medyczne w zakresie podstawowej opieki zdrowotnej (POZ): konsultacje lekarza podstawowej opieki zdrowotnej (pediatry, medycyny rodzinnej) us\u0142ug piel\u0119gniarki i po\u0142o\u017cnej podstawowej opieki zdrowotnej pomiar wagi pomiar poziomu cukru pomiar ci\u015bnienia t\u0119tniczego EKG z zalecenia lekarza POZ iniekcje z zalecenia lekarza POZ sczepienia doro\u015bli &#8211; z zalecenia &hellip; <\/p>\n<p class=\"link-more\"><a href=\"https:\/\/rodzinna.edda-mk.pl\/?page_id=40\" class=\"more-link\">Czytaj dalej<span class=\"screen-reader-text\"> Badania<\/span><\/a><\/p>\n","protected":false},"author":1,"featured_media":0,"parent":0,"menu_order":0,"comment_status":"closed","ping_status":"closed","template":"","meta":{"footnotes":""},"class_list":["post-40","page","type-page","status-publish","hentry"],"_links":{"self":[{"href":"https:\/\/rodzinna.edda-mk.pl\/index.php?rest_route=\/wp\/v2\/pages\/40","targetHints":{"allow":["GET"]}}],"collection":[{"href":"https:\/\/rodzinna.edda-mk.pl\/index.php?rest_route=\/wp\/v2\/pages"}],"about":[{"href":"https:\/\/rodzinna.edda-mk.pl\/index.php?rest_route=\/wp\/v2\/types\/page"}],"author":[{"embeddable":true,"href":"https:\/\/rodzinna.edda-mk.pl\/index.php?rest_route=\/wp\/v2\/users\/1"}],"replies":[{"embeddable":true,"href":"https:\/\/rodzinna.edda-mk.pl\/index.php?rest_route=%2Fwp%2Fv2%2Fcomments&post=40"}],"version-history":[{"count":6,"href":"https:\/\/rodzinna.edda-mk.pl\/index.php?rest_route=\/wp\/v2\/pages\/40\/revisions"}],"predecessor-version":[{"id":181,"href":"https:\/\/rodzinna.edda-mk.pl\/index.php?rest_route=\/wp\/v2\/pages\/40\/revisions\/181"}],"wp:attachment":[{"href":"https:\/\/rodzinna.edda-mk.pl\/index.php?rest_route=%2Fwp%2Fv2%2Fmedia&parent=40"}],"curies":[{"name":"wp","href":"https:\/\/api.w.org\/{rel}","templated":true}]}}